ors of 3*(a/9 + 0).
2
Suppose 3*k = -4*i + 140, 3*k + 175 = -4*i + 9*i. List the prime factors of i.
5, 7
Let z(n) = 3*n**2 - 5*n + 4. Let i be z(3). Let j be i/9 - (-4)/18. Suppose -j*o - 18 = -5*o. List the prime factors of o.
2, 3
List the prime factors of (2 - -2 - 1) + 45.
2, 3
Let w = 188 + -119. What are the prime factors of w?
3, 23
Suppose 3*s = 4*z - 21, -z = -6*z + 5*s + 25. Let w(u) be the first derivative of u**3/3 - 5*u**2/2 - 3*u - 1. What are the prime factors of w(z)?
3
Let p = -2 - -4. Let a(j) = -j**3 - 5*j**2 - 2*j - 7. Let w be a(-5). Suppose -w*r - 12 = -p*b - b, -5*r - 2 = -2*b. What are the prime factors of b?
2, 3
Let s be 2/(58/18 - 3). Let a(q) = q**2 - 8*q - 4. Let b be a(s). Suppose 5*c + 21 = -5*l + 61, -l - 52 = -b*c. List the prime factors of c.
2, 5
Let c be (-6)/(-3) + (0 - 0). Let s be 48*(-1 - (-3)/c). Suppose 4*k - 24 = s. What are the prime factors of k?
2, 3
Let o(h) = 13*h - 1. Let g be o(2). Let w = g + -14. List the prime factors of w.
11
Let k = -6 + 21. What are the prime factors of k?
3, 5
Let i = -5 + 8. Let d be 3 + i/(-4 + 1). What are the prime factors of -1 - (1 + d*-2)?
2
Suppose 3*f + 1809 = 5*q - 79, 2*q - 764 = -f. What are the prime factors of q?
2, 5, 19
Suppose 0 = 3*w - 8*w + 130. Suppose 4*b - w = -3*s, s + 4 - 12 = -b. List the prime factors of s.
2, 3
Let m(z) = -5*z + 6. Let i(v) = -11*v + 11. Let y(o) = 3*i(o) - 7*m(o). Let s be y(6). Let t = 6 - s. List the prime factors of t.
3
Suppose 2*k = -4*r - r + 14, r = 5*k + 19. Suppose 16 = -2*a + r*a. List the prime factors of a.
2
Suppose 114 = 4*g + 30. Suppose -3*w - 8 = -5*w. Suppose y + y - 23 = -5*l, y + g = w*l. What are the prime factors of l?
5
Suppose 0 = -9*k + 2*k + 483. What are the prime factors of k?
3, 23
Let o(j) = j**2 + 5*j + 3. Let l(f) = f**2 + 5*f + 2. Let i(r) = -4*l(r) + 3*o(r). Let y = -7 + 3. What are the prime factors of i(y)?
5
Suppose 3*y - 6 = 0, 3*l - 5*l = 3*y + 46. Let u = -16 - l. Suppose -2*h + u = -0. What are the prime factors of h?
5
Suppose -2*y - 3*y + 3*l + 790 = 0, -4*y = -4*l - 640. What are the prime factors of y?
5, 31
Suppose n = -0 + 2. Let t(s) = 2 - 2*s - 5*s**2 - 4*s + 4*s**n. What are the prime factors of t(-6)?
2
Let b(i) = 3*i**2 + i + 1. Let g be b(-1). Suppose -6*p = -p - 5*j - 60, -g*j + 55 = 4*p. What are the prime factors of (-1)/(-1)*p/1?
13
Let y be (-1)/(-1)*(0 - 0). Suppose y = -3*o + 5*o + 2. Let a(p) = -2*p + 1. List the prime factors of a(o).
3
Suppose 0*a = -5*a - 135. List the prime factors of a/6*-2 + 0.
3
Let v = -100 - -106. Let p(i) = 4*i**2 - i + 1. Let o(m) = 7*m**2 - 3*m + 3. Let u(y) = 3*o(y) - 5*p(y). What are the prime factors of u(v)?
2
Let v = 9 + -7. Suppose -w = v*w. Suppose w = 3*h + 2*h - 85. What are the prime factors of h?
17
List the prime factors of 118/(-8)*(4 - 2)*-2.
59
What are the prime factors of (-219)/(-6) - 3/(-6)?
37
Let l(k) = -k - 8. Let q be l(-8). Suppose q = 2*b - 4*n + 12, b - n + 0 = -6. Let y = -4 - b. List the prime factors of y.
2
Let t(g) be the second derivative of -g**3 - g**2 + 3*g. What are the prime factors of t(-5)?
2, 7
Let r = 309 - 216. What are the prime factors of r?
3, 31
Suppose -2*u + 6*u - 20 = 0. Suppose -2*j - 3*h = 22, 3*j + 4*h - 36 = u*j. Let c = 27 + j. List the prime factors of c.
13
Let d(b) be the first derivative of -b**2 - 7*b + 3. Suppose 2*m + 4*u = -36, -m = -8*u + 3*u - 17. List the prime factors of d(m).
3
Let q be -3 - 14*3/(-6). Suppose 2*y - 3*l - 14 = 0, 51 = q*y + l + 9. What are the prime factors of y?
2, 5
Let u(r) = -9*r**3 + r**2 + 5*r + 3. What are the prime factors of u(-3)?
2, 3, 5
What are the prime factors of ((-4)/(-15))/(4/6)*35?
2, 7
Let l be -32 + -3 - (-2)/(-2). List the prime factors of (-6)/30 + l/(-5).
7
Let n(s) = s**2 - s - 1. Let z be n(3). Suppose 2*m - o - o = 40, 10 = -z*o. What are the prime factors of m?
2, 3
What are the prime factors of (0/3 - -41) + 3?
2, 11
Suppose -j + 0 + 4 = 0. Suppose -4*v + 2*v = -2*t, 0 = j*t + v - 10. What are the prime factors of t?
2
Let m = -15 - -8. What are the prime factors of (2 - -1)*m/(-3)?
7
Let a = 12 - 7. Suppose -4*b + 43 = -a*f, -f = f + 6. List the prime factors of b.
7
Let w = -5 - -5. Suppose -g = -2*r - w*g, -3*g = -2*r - 8. List the prime factors of (3/(-9))/(r/(-66)).
11
Let i(d) = d**3 - 12*d**2 - 12*d + 26. What are the prime factors of i(13)?
3, 13
Let o(u) = 9*u**2 + u + 1. Let k(w) = w - 1. Let t be k(3). List the prime factors of o(t).
3, 13
Let m = 1 + 0. Let o(q) = -1. Let v(w) = 3*w - 1. Let x(b) = m*o(b) + v(b). List the prime factors of x(2).
2
Let t = -15 - -8. Let k = 16 + t. List the prime factors of k.
3
Let h(u) = 2*u**2 - 18*u + 6. List the prime factors of h(14).
2, 73
List the prime factors of (1*-39)/((-5)/5).
3, 13
Suppose 1 + 15 = 3*v - u, -4*v = -5*u - 25. Suppose -3 = 5*b - 5*c + 2, -26 = -2*b - v*c. Let o = 14 - b. What are the prime factors of o?
11
Let r(c) = 3*c**2 + 10*c + 6. List the prime factors of r(5).
131
Let n be -45*2/3*-1. Suppose -26 = -4*s - 2*i + 4, 4*i - n = -3*s. List the prime factors of s.
2, 3
List the prime factors of -3 + 0 + 40 + 3.
2, 5
Let v(x) = 2*x - 3. Suppose 4*c + 6 = 5*c. Let k(h) = -h + 12. Let m be k(c). List the prime factors of v(m).
3
Suppose 0 = f - 3*p - 176, -3*f = -f + 2*p - 344. What are the prime factors of f?
173
Suppose -65 - 79 = -q. List the prime factors of q.
2, 3
Let f be (-4)/18 + (-2614)/(-18). Suppose -5*r - f = -5*m, 3*m - 146 = -m - 2*r. Let q = -17 + m. List the prime factors of q.
17
Suppose -445 = -4*r + 159. What are the prime factors of r?
151
Let h = -3 - -8. Let n = 13 - 11. Let u = h - n. List the prime factors of u.
3
Suppose -3*v + 3 = -24. Let k = 14 - v. Suppose k*g + 16 - 136 = 0. What are the prime factors of g?
2, 3
Let u be -3*(1 + 31/(-3)). Suppose 0*d + d - 20 = 0. Let o = u - d. List the prime factors of o.
2
Let s(d) = -d + 6. Let h be s(6). Suppose h*q = 5*q + 25, 2*q - 23 = -3*z. Suppose -16 = -3*u + z. What are the prime factors of u?
3
Let f be 237/(-21) + 2/7. Let z = f - -19. What are the prime factors of z?
2
Let d(r) = -9*r**2 - r + 4. Let m(g) = -g**2 + 1. Let f(u) = -d(u) + 4*m(u). List the prime factors of f(-2).
2, 3
Suppose 4*b + 3 + 9 = 0. Let r = 8 - b. What are the prime factors of r?
11
Let p(g) = 6*g**3 + 2*g**2 - 4*g + 3. Let c be p(2). Suppose -c = -7*u + 4*u. What are the prime factors of u?
17
Let l(m) = -10*m + 15. What are the prime factors of l(-6)?
3, 5
Let m(g) = g**2 + 4*g + 4. Let n be m(-4). Suppose 2*l = 2*j + 10, 2*j = -n*l - 0*j - 10. Suppose -w + 3*w - 6 = l. What are the prime factors of w?
3
Let b(q) = 5*q**2 + 4*q + 10. List the prime factors of b(-3).
43
Let r(m) be the second derivative of 13*m**3/6 - m**2 - m. Let z be r(6). Suppose -a = 2*j - 20, 24 = -4*j + 4*a + z. What are the prime factors of j?
11
Let n = -68 + 39. Let a = n + 41. What are the prime factors of a?
2, 3
Let l = 169 + -103. What are the prime factors of l?
2, 3, 11
Let r be 1 + 11 - (-1 + 3). Let x = 43 - r. List the prime factors of x.
3, 11
Let l(m) = -14*m**3 - m**2 - 6*m - 5. List the prime factors of l(-2).
5, 23
Let h = 18 - 17. Let k(c) = 40*c**2 + 2*c - 1. List the prime factors of k(h).
41
Suppose 3*k - 6 = 4*k. List the prime factors of 2/k*(-3 - 30).
11
Suppose 17*a = 18*a - 90. What are the prime factors of a?
2, 3, 5
Let i be (1/2)/(1/36). Let l = 29 - i. What are the prime factors of l?
11
Suppose -36 = 3*x - 0. List the prime factors of 2/(-8) - 159/x.
13
Let p be 3*((-24)/(-9))/2. Suppose 3*s + 45 = 3*i - 0*s, s - 40 = -p*i. List the prime factors of i.
11
Suppose -3*y + 0*y = 5*n - 63, -2*y = -n + 10. Suppose -5*o - 4*c + 2*c = -30, 0 = -3*o + 2*c + 34. What are the prime factors of 18/4*o/n?
3
Let q(y) = -y**2 - 9*y + 1. Let a be q(-11). List the prime factors of 8/(-4) + (2 - a).
3, 7
Let d be (9/(-27))/((-1)/(-3)). Let v = d + 8. Suppose 5*y - 5 = 0, -5*y = j + v - 27. List the prime factors of j.
3, 5
Let i be 5*(34/10 + -3). Let n(x) = 3*x**2 - 2*x. What are the prime factors of n(i)?
2
Suppose 5*d + 26 = 3*p - p, 0 = -3*d - 12. Suppose -68 = -p*n + 5*m, m - 26 = -4*n + 57. List the prime factors of n.
3, 7
Let z be (10/(-4))/((-1)/2). Suppose 0 = -2*h - 2*s + 6, 0 = 3*h + s + 4*s - 3. Supp